q - 4*q + 92. Suppose 12*t + 4*d - 92 = 8*t, -4*t = 2*d - 82. Suppose q = 5*c - t. What is the units digit of c?
2
Let s(z) = z**2 - 8*z + 4. Let y(j) = j**2 - 13*j + 7. Let q be y(13). Let p be s(q). Let v(k) = -k**3 + 3*k - 3. What is the tens digit of v(p)?
1
Let h(t) = t**3 + 15*t**2 - 5*t. Let u be 3/24*-6 + 57/(-4). What is the tens digit of h(u)?
7
Let t = 1724 - 1058. What is the tens digit of t?
6
Suppose -128*l - 198432 = -164*l. What is the thousands digit of l?
5
Suppose k = -5*a - 0 + 7, -5*k + a = -61. Let d(y) = -23*y - k + 12. What is the tens digit of d(-1)?
2
Suppose -4*l + 78 + 22 = 0. Suppose -l*p + 24*p = -50. What is the tens digit of p?
5
Let a = -1426 - -2972. What is the tens digit of a?
4
Suppose -2*y = -4*p - 670 + 94, -577 = -2*y + 3*p. What is the hundreds digit of y?
2
Suppose -2*y + 6*y - v = -169, 212 = -5*y + 2*v. What is the units digit of ((-64)/6)/(28/y)?
6
Suppose -3368 = -14*c + 9*c + 2*v, 4*v = -3*c + 2000. What is the tens digit of c?
7
Suppose q = -5*w + 182, -q - 34 = w - 2*w. Suppose -40 = -p - 5*u + 2*u, -5*u = p - w. What is the units digit of p?
6
Suppose -31*q - 3*t - 8544 = -34*q, 4*q = 5*t + 11394. What is the hundreds digit of q?
8
Suppose 0 = z - 0*z - y - 1, -3*z + y = -3. Let d(u) = 3*u**2 + 2*u - 1. Let x be d(z). Suppose 67 + 1 = x*q. What is the tens digit of q?
1
Let u(g) = -69*g + 6. Let a = -10 - -9. What is the tens digit of u(a)?
7
Suppose -2*r - 2*v - 2*v + 112 = 0, 0 = -5*r - 5*v + 265. What is the units digit of r?
0
Suppose 3*w - 126 = 3*b, -5*w + 3*b + 159 = -57. What is the tens digit of w?
4
Let l be -26 - -30 - (0 - (-2)/2). What is the tens digit of 18 - -47 - 1/(l + -2)?
6
Suppose 3*w = j - 10, 18 = 2*j - w - 4*w. Let c be 15*j/12*4. What is the units digit of c/8 + (-3)/6?
2
Let t be (14/(-2) - -6) + 2/2. Suppose w + 352 = 4*w - 2*l, -3*l + 12 = t. What is the hundreds digit of w?
1
Suppose -2*q + 1268 = 2*h, -12*h + 14*h - 3*q - 1258 = 0. What is the tens digit of h?
3
Let d = 19 - -9. Let n be (-6)/(-14) - (-128)/d. Suppose -9*p + 240 = -n*p. What is the units digit of p?
0
Let g(j) be the third derivative of -3*j**6/20 + j**5/60 - j**4/8 - j**3/6 - 7*j**2. What is the units digit of g(-2)?
3
Let d(u) be the third derivative of -u**5/60 - 7*u**4/8 + 4*u**3/3 - 3*u**2. What is the units digit of d(-20)?
8
Let b = -81 - -84. Suppose -y + 11 + b = -2*s, 0 = y + 5*s - 28. What is the units digit of y?
8
Suppose -5*c - 5*w = -230, c = 4*w + w + 46. What is the units digit of c + -3 + -4 + 3?
2
Let c = 155 - -19. Suppose 4*t - c = -2*t. Let u = 31 - t. What is the units digit of u?
2
Let t(h) = -h**3 + 2*h**2 + 6*h - 2. Suppose 8*i - 10 = 10*i. What is the units digit of t(i)?
3
Suppose 2*b = 289 - 31. Suppose b = 2*f - 11. Let p = f + -44. What is the units digit of p?
6
Suppose 95444 + 99346 = 43*k. What is the hundreds digit of k?
5
What is the tens digit of 9576/392 - 4/14*-2?
2
Suppose 3*f + 3013 = t, t - 1476 = 2*f + 1542. What is the units digit of t?
8
Let u(w) = 3*w**2 - 11*w - 13. Let s be u(9). Let k be (-4)/(-18) + 129/27. Suppose s + 14 = k*p. What is the units digit of p?
9
Let u(y) = -y**2 - 4*y + 1. Let x be u(-3). Let v(g) = -5*g + 2. Let c be v(-9). Suppose -5*s + 51 = -4*k - c, x*s + 3*k = 66. What is the units digit of s?
8
Suppose 6*j - 535 = j. Let k = -64 + j. What is the tens digit of k?
4
Suppose 4*m = 4*w + 256, -4*m + 212 = -m + w. Suppose -5*d + 2*d + m = 0. Suppose l = d + 27. What is the units digit of l?
0
Let v be (2 + -6)*((-10)/(-4) - 4). Suppose v*z + 394 - 1540 = 0. What is the hundreds digit of z?
1
Suppose -4*i = -u + 168, -u = -2*u + 2*i + 170. What is the hundreds digit of u?
1
Suppose k + 13*y - 10*y = -20, 2*y - 2 = 0. Let v(j) = -j**2 - 38*j - 21. What is the tens digit of v(k)?
2
Suppose -14*j = 4*b - 9*j - 9438, -4*j - 8 = 0. What is the hundreds digit of b?
3
Let f = -339 - -478. Let p = f - 82. What is the tens digit of p?
5
Let c = 1510 - 535. What is the tens digit of c?
7
Suppose -154*m + 155*m = 937. What is the tens digit of m?
3
Suppose z + 1988 = 2*i, z = 6*z. What is the hundreds digit of i?
9
Let a(c) = 4*c**3 + 12*c**2 - 6*c - 19. Let i(h) = 2*h**3 + 6*h**2 - 3*h - 10. Let y(u) = 3*a(u) - 5*i(u). What is the units digit of y(3)?
2
Let f(a) be the third derivative of a**5/60 - 7*a**4/24 - 17*a**3/6 - 4*a**2. What is the units digit of f(9)?
1
Let j = 378 - -219. Suppose 3*z - 30 = j. What is the units digit of z?
9
What is the hundreds digit of (-36 - 1 - -2)*(-57 - 18)?
6
Let h(r) = r**2 - r + 33. What is the units digit of h(5)?
3
Suppose -19*s + 6170 = -7282. What is the tens digit of s?
0
Let g be 6/(-33) + 2920/88. Suppose 1 = r - 2*s - g, -5*r = -4*s - 194. What is the tens digit of r?
4
Let m(b) = 4 - 5 + 2 + 5*b - b. Let f be m(1). Let u(i) = i**2 + 3*i + 2. What is the units digit of u(f)?
2
Let z(o) = 44*o + 2. Let r be z(1). Let u = r + 15. What is the units digit of u?
1
Let n(j) be the third derivative of -1/8*j**4 + 5*j**2 + 0 + 0*j - 10/3*j**3. What is the units digit of n(-9)?
7
Let j = -1 + 4. Suppose 3*h - 2*l - l = j, 4 = 4*h + 5*l. What is the units digit of 1*(-3 - -5 - h)?
1
Let r = 1014 - 726. What is the units digit of r?
8
Let v = -15 - -15. Suppose v = 6*u - 4*u - 264. What is the units digit of (u/16)/(6/16)?
2
Suppose -2*i + 3*b + 16 = 0, 2*b - 16 = i - 3*i. Let d(f) = 3*f + 15. What is the tens digit of d(i)?
3
Let d be 60*((-14)/(-2) - 2). Let g be (d/(-70))/((-2)/28). Suppose n - g = -3*n. What is the tens digit of n?
1
Let n(g) = g**3 + 8*g**2 + 6*g + 5. Let s be n(-7). Let v be (-4)/(-6) + 64/s. Let a(h) = h**2 - 7*h + 7. What is the units digit of a(v)?
1
Suppose 0 = -10*p + 33 + 7. Suppose a = -1 + 5. Suppose a*d + p*u - 168 = -0, -d + 42 = 3*u. What is the units digit of d?
2
Suppose 4*q = c - 3785, -2*q + 0 = 6. What is the units digit of c?
3
Suppose 1137*g - 1136*g = 303. What is the tens digit of g?
0
Let g = 1203 + 579. What is the hundreds digit of g?
7
Let h(p) = -p**2 - 12*p - 10. Let a be h(-13). Let f = a - -23. Suppose k - 1 = -f. What is the units digit of k?
1
Suppose 2*u + 525 = -3*j + 4*j, 4*j - 4*u - 2116 = 0. What is the hundreds digit of j?
5
Suppose 2*m - j = m + 15, 0 = -m + 3*j + 25. What is the tens digit of m/4*(0 - -30)?
7
Let o(i) = -i**3 + 18*i**2 + 20*i - 9. Let j be o(19). Suppose j*p = 13*p - 96. What is the tens digit of p?
3
Let c(m) = 745*m - 326. What is the units digit of c(4)?
4
Let i = -14 + 13. Let x(g) = -52*g**3 - g**2 - g. Let q be x(i). Suppose 3*y + 292 = 4*h + q, 0 = h - 4*y - 47. What is the tens digit of h?
6
Suppose s = 5*s + 232. Let q be ((-3)/(-2))/((-63)/(-3486)). Let f = s + q. What is the tens digit of f?
2
Suppose -5*k + 308 = -3*i, 6*i - i - 340 = -5*k. Let n = 43 - k. What is the tens digit of n/(4 + -1)*-4?
2
What is the units digit of ((-10)/70*30)/((-1)/91)?
0
Let q be 2 + -4 - 32/(-4). Let m(x) = x + 20 - x + 5*x - q*x. What is the tens digit of m(0)?
2
Suppose -3*o = 5*t - 2*o - 56, -3*t = -2*o - 44. Let b = t - 19. Let s = -3 - b. What is the units digit of s?
4
Let i = 3850 - 1454. What is the thousands digit of i?
2
Suppose -6*d = -3*d - 4*n - 31, -2*n = 3*d - 25. Suppose -9 = -3*h, 2*g + 6*h - d*h - 95 = 0. What is the units digit of g?
2
Suppose -2*k + 2*f = -7*k - 39, 0 = 2*k - 3*f + 8. Let g be (k - -3)/(4/6). What is the tens digit of (g/10)/(11/(-275))?
1
Let a = 0 + 2. Let n(w) = 137*w + 6. Let h be n(a). Suppose 0*g = 5*g - h. What is the units digit of g?
6
Suppose -3*r - 30 = -5*r. Suppose r*h = 18*h - 237. What is the tens digit of h?
7
Let c = -67 - -71. What is the tens digit of 1015/21 - c/(-6)?
4
Let b be -8*3/(-6) - 5. Let g be 246 + 7 + 1 + b. Suppose 5*f - 87 = g. What is the tens digit of f?
6
Let c = -14 - -14. Suppose c = -3*s + 5*z + 149, 0 = 4*s + s + 3*z - 237. Suppose 2*i - 3*i = -a - s, 3*i - 5*a - 136 = 0. What is the units digit of i?
2
Suppose -2*c = -4*r - 5060, -r - 1036 + 11192 = 4*c. What is the hundreds digit of c?
5
Suppose -4*h = -63 - 13. Suppose 9*a - 6*a = 45. Suppose a*y = h*y - 224. What is the units digit of y?
6
What is the units digit of 5 - (3184/6)/8*-3?
4
Let y be (-27 - (1 + 0)) + (5 - 5). Let n = 14 - y. What is the tens digit of n?
4
Let i = 907 - 315. What is the units 